5 is divided by 10.
5
Calculate the remainder when 4644 is divided by 112.
52
What is the remainder when 9634 is divided by 790?
154
Calculate the remainder when 909733 is divided by 260.
253
Calculate the remainder when 11549 is divided by 8.
5
Calculate the remainder when 2746 is divided by 661.
102
Calculate the remainder when 46992 is divided by 65.
62
What is the remainder when 369903 is divided by 758?
757
Calculate the remainder when 222851 is divided by 55708.
19
Calculate the remainder when 108722 is divided by 22.
20
What is the remainder when 6020 is divided by 263?
234
Calculate the remainder when 1563 is divided by 384.
27
What is the remainder when 1308 is divided by 129?
18
What is the remainder when 103374 is divided by 457?
92
What is the remainder when 873961 is divided by 13?
10
Calculate the remainder when 64720 is divided by 67.
65
Calculate the remainder when 27511 is divided by 1965.
1
What is the remainder when 3409 is divided by 3407?
2
Calculate the remainder when 112916 is divided by 113.
29
Calculate the remainder when 6057 is divided by 209.
205
What is the remainder when 63472 is divided by 63352?
120
What is the remainder when 41925 is divided by 6986?
9
What is the remainder when 9096 is divided by 4422?
252
Calculate the remainder when 31250 is divided by 4.
2
Calculate the remainder when 566078 is divided by 488.
486
What is the remainder when 220201 is divided by 3670?
1
Calculate the remainder when 45489 is divided by 34.
31
Calculate the remainder when 2056 is divided by 513.
4
Calculate the remainder when 47696 is divided by 17.
11
What is the remainder when 130272 is divided by 12?
0
Calculate the remainder when 263001 is divided by 81.
75
What is the remainder when 39689 is divided by 12?
5
Calculate the remainder when 3397 is divided by 1554.
289
Calculate the remainder when 112316 is divided by 108.
104
Calculate the remainder when 224496 is divided by 3805.
1
What is the remainder when 511 is divided by 311?
200
Calculate the remainder when 86618 is divided by 77.
70
What is the remainder when 10416 is divided by 197?
172
Calculate the remainder when 2438 is divided by 465.
113
What is the remainder when 16779 is divided by 105?
84
Calculate the remainder when 1210 is divided by 40.
10
What is the remainder when 984420 is divided by 253?
250
What is the remainder when 54709 is divided by 1368?
1357
Calculate the remainder when 144478 is divided by 215.
213
Calculate the remainder when 6964 is divided by 1736.
20
What is the remainder when 12956 is divided by 350?
6
Calculate the remainder when 2068488 is divided by 25856.
8
Calculate the remainder when 593105 is divided by 259.
254
What is the remainder when 3188110 is divided by 8?
6
What is the remainder when 2238 is divided by 174?
150
What is the remainder when 174569 is divided by 481?
447
What is the remainder when 204417 is divided by 11?
4
What is the remainder when 1128872 is divided by 125?
122
Calculate the remainder when 5156 is divided by 929.
511
Calculate the remainder when 3903 is divided by 1299.
6
What is the remainder when 4124 is divided by 1925?
274
What is the remainder when 1354 is divided by 668?
18
Calculate the remainder when 318 is divided by 182.
136
What is the remainder when 27935 is divided by 201?
197
What is the remainder when 27992 is divided by 5597?
7
What is the remainder when 5484 is divided by 914?
0
Calculate the remainder when 2528503 is divided by 1904.
1895
What is the remainder when 9918 is divided by 3305?
3
Calculate the remainder when 36347 is divided by 433.
408
Calculate the remainder when 72100 is divided by 165.
160
Calculate the remainder when 107238 is divided by 40.
38
Calculate the remainder when 117174 is divided by 6509.
12
Calculate the remainder when 1399411 is divided by 46.
45
Calculate the remainder when 14664 is divided by 64.
8
Calculate the remainder when 10685 is divided by 625.
60
Calculate the remainder when 1621505 is divided by 810750.
5
Calculate the remainder when 186993 is divided by 12.
9
Calculate the remainder when 9792 is divided by 391.
17
What is the remainder when 258493 is divided by 285?
283
Calculate the remainder when 81901 is divided by 71.
38
What is the remainder when 5313 is divided by 446?
407
Calculate the remainder when 441475 is divided by 39.
34
What is the remainder when 74121 is divided by 79?
19
Calculate the remainder when 38925 is divided by 7.
5
Calculate the remainder when 1148 is divided by 84.
56
Calculate the remainder when 98389 is divided by 56.
53
Calculate the remainder when 9934 is divided by 1603.
316
What is the remainder when 410703 is divided by 143?
7
What is the remainder when 207766 is divided by 291?
283
What is the remainder when 12007 is divided by 3963?
118
What is the remainder when 51076 is divided by 382?
270
What is the remainder when 8020 is divided by 2521?
457
Calculate the remainder when 14604 is divided by 83.
79
What is the remainder when 2622 is divided by 1068?
486
Calculate the remainder when 5768 is divided by 5754.
14
What is the remainder when 13232 is divided by 13228?
4
Calculate the remainder when 8566 is divided by 2623.
697
What is the remainder when 579 is divided by 561?
18
Calculate the remainder when 16562 is divided by 8268.
26
Calculate the remainder when 465 is divided by 441.
24
What is the remainder when 1827053 is divided by 77?
74
Calculate the remainder when 106404 is divided by 13300.
4
Calculate the remainder when 116587 is divided by 38788.
223
Calculate the remainder when 5346 is divided by 230.
56
Calculate the remainder when 145766 is divided by 28.
26
Calculate the remainder when 3010 is divided by 80.
50
Calculate the remainder when 2354 is divided by 792.
770
What is the remainder when 54159 is divided by 80?
79
Calculate the remainder when 4109 is divided by 456.
5
What is the remainder when 2067 is divided by 1814?
253
Calculate the remainder when 15862 is divided by 264.
22
Calculate the remainder when 1385339 is divided by 220.
219
What is the remainder when 7223 is divided by 7?
6
Calculate the remainder when 1572 is divided by 793.
779
What is the remainder when 14290 is divided by 25?
15
Calculate the remainder when 4096 is divided by 32.
0
Calculate the remainder when 436003 is divided by 15.
13
Calculate the remainder when 41653 is divided by 8327.
18
Calculate the remainder when 78404 is divided by 199.
197
Calculate the remainder when 7369 is divided by 47.
37
Calculate the remainder when 524157 is divided by 420.
417
What is the remainder when 8778 is divided by 72?
66
Calculate the remainder when 14491 is divided by 372.
355
Calculate the remainder when 10783 is divided by 14.
3
Calculate the remainder when 17277 is divided by 17276.
1
Calculate the remainder when 34046 is divided by 4248.
62
What is the remainder when 9579849 is divided by 505?
504
What is the remainder when 13874 is divided by 9?
5
What is the remainder when 5790 is divided by 1843?
261
What is the remainder when 529 is divided by 72?
25
What is the remainder when 7221 is divided by 113?
102
What is the remainder when 10781 is divided by 5383?
15
Calculate the remainder when 9763 is divided by 47.
34
What is the remainder when 200196 is divided by 3777?
15
Calculate the remainder when 12196 is divided by 12178.
18
What is the remainder when 164121 is divided by 82015?
91
What is the remainder when 825478 is divided by 317?
10
What is the remainder when 3534 is divided by 94?
56
Calculate the remainder when 66746 is divided by 451.
449
What is the remainder when 128078 is divided by 230?
198
What is the remainder when 5939 is divided by 457?
455
What is the remainder when 3611 is divided by 122?
73
What is the remainder when 55708 is divided by 453?
442
What is the remainder when 72514 is divided by 718?
714
What is the remainder when 53834 is divided by 7678?
88
Calculate the remainder when 8161 is divided by 25.
11
Calculate the remainder when 2029 is divided by 466.
165
Calculate the remainder when 8644 is divided by 49.
20
What is the remainder when 907 is divided by 248?
163
What is the remainder when 27347 is divided by 234?
203
Calculate the remainder when 80397 is divided by 1786.
27
What is the rema